{"id":1247,"date":"2025-04-22T18:13:59","date_gmt":"2025-04-22T16:13:59","guid":{"rendered":"https:\/\/cairocar.it\/?page_id=1247"},"modified":"2025-04-22T18:19:42","modified_gmt":"2025-04-22T16:19:42","slug":"pr-fesr-2021-2027","status":"publish","type":"page","link":"https:\/\/cairocar.it\/index.php\/pr-fesr-2021-2027\/","title":{"rendered":"PR FESR 2021-2027"},"content":{"rendered":"<p style=\"text-align: center;\">Cairocar S.r.l. ha beneficiato del contributo previsto dal<\/p>\n<p style=\"text-align: center;\"><strong>PR FESR 2021-2027 Azione 1.2.3 &#8220;Sostenere l\u2019introduzione di pratiche e tecnologie digitali nelle imprese\u201d \u2013 Bando \u201cSupporto allo sviluppo di progetti di digitalizzazione nelle micro, piccole e medie imprese\u201d &#8211; Anno 2024<\/strong><\/p>\n<p style=\"text-align: center;\"><strong>Descrizione dell\u2019investimento:<\/strong><\/p>\n<p style=\"text-align: center;\">Al fine di garantire il pieno adeguamento agli standard di sicurezza attuali, oltre che per aumentare le performance complessive dell\u2019infrastruttura aziendale, Cairocar Srl si \u00e8 dotata di nuovo server e di nuove apparecchiature atte a proteggere, gestire e monitorare le connessioni e l\u2019utilizzo delle risorse aziendali.<\/p>\n<p style=\"text-align: center;\">L\u2019ammodernamento dell\u2019infrastruttura ha costituito il passo fondamentale per le successive fasi, rappresentate da investimenti nei pi\u00f9 moderni servizi cloud e consulenza per la revisione e l\u2019aggiornamento delle politiche aziendali in tema di cybersecurity, data management e data backup.<\/p>\n<p style=\"text-align: center;\">L\u2019investimento mira a potenziare le capacit\u00e0 dell\u2019impresa di essere competitiva nel suo settore di appartenenza, migliorandone l\u2019organizzazione nel suo complesso, anche nell\u2019ottica del lavoro in mobilit\u00e0, con la possibilit\u00e0 di ampliare, in futuro, i servizi offerti e adeguarsi pi\u00f9 rapidamente alle sempre pi\u00f9 diverse richieste del mercato.<\/p>\n<p style=\"text-align: center;\">L\u2019investimento si \u00e8 completato a Marzo 2025.<\/p>\n\n\n<figure class=\"wp-block-image size-full\"><img fetchpriority=\"high\" decoding=\"async\" width=\"858\" height=\"483\" src=\"https:\/\/cairocar.it\/wp-content\/uploads\/2025\/04\/Immagine1-3.png\" alt=\"\" class=\"wp-image-1260\" srcset=\"https:\/\/cairocar.it\/wp-content\/uploads\/2025\/04\/Immagine1-3.png 858w, https:\/\/cairocar.it\/wp-content\/uploads\/2025\/04\/Immagine1-3-300x169.png 300w, https:\/\/cairocar.it\/wp-content\/uploads\/2025\/04\/Immagine1-3-768x432.png 768w\" sizes=\"(max-width: 858px) 100vw, 858px\" \/><\/figure>\n","protected":false},"excerpt":{"rendered":"<p>Cairocar S.r.l. ha beneficiato del contributo previsto dal PR FESR 2021-2027 Azione 1.2.3 &#8220;Sostenere l\u2019introduzione di pratiche e tecnologie digitali nelle imprese\u201d \u2013 Bando \u201cSupporto allo sviluppo di progetti di digitalizzazione nelle micro, piccole e medie imprese\u201d &#8211; Anno 2024 Descrizione dell\u2019investimento: Al fine di garantire il pieno adeguamento agli standard di sicurezza attuali, oltre [&hellip;]<\/p>\n","protected":false},"author":1,"featured_media":0,"parent":0,"menu_order":0,"comment_status":"closed","ping_status":"closed","template":"","meta":{"footnotes":""},"class_list":["post-1247","page","type-page","status-publish","hentry"],"jetpack_sharing_enabled":true,"_links":{"self":[{"href":"https:\/\/cairocar.it\/index.php\/wp-json\/wp\/v2\/pages\/1247","targetHints":{"allow":["GET"]}}],"collection":[{"href":"https:\/\/cairocar.it\/index.php\/wp-json\/wp\/v2\/pages"}],"about":[{"href":"https:\/\/cairocar.it\/index.php\/wp-json\/wp\/v2\/types\/page"}],"author":[{"embeddable":true,"href":"https:\/\/cairocar.it\/index.php\/wp-json\/wp\/v2\/users\/1"}],"replies":[{"embeddable":true,"href":"https:\/\/cairocar.it\/index.php\/wp-json\/wp\/v2\/comments?post=1247"}],"version-history":[{"count":3,"href":"https:\/\/cairocar.it\/index.php\/wp-json\/wp\/v2\/pages\/1247\/revisions"}],"predecessor-version":[{"id":1261,"href":"https:\/\/cairocar.it\/index.php\/wp-json\/wp\/v2\/pages\/1247\/revisions\/1261"}],"wp:attachment":[{"href":"https:\/\/cairocar.it\/index.php\/wp-json\/wp\/v2\/media?parent=1247"}],"curies":[{"name":"wp","href":"https:\/\/api.w.org\/{rel}","templated":true}]}}